*g = 88. Suppose 0 = -7*o - 21, 3*o - 1 = -2*l - 54. Let r = l + g. Calculate the greatest common divisor of 33 and r.
11
Let v be -1 - -2*(3 + 69/6). Let r = 58 - v. Suppose r = -g + 132. What is the highest common factor of 34 and g?
34
Let q(k) = k**3 + 15*k**2 + 49*k + 8. Let n be q(-8). Suppose 0 = 2*v + 4*v - 144. Calculate the highest common divisor of v and n.
8
Let u(c) = 181 + 112*c - 102 - 171. Let y be u(5). What is the highest common divisor of 36 and y?
36
Suppose 4*k + 864 = 2196. Let m(b) = 10*b**2 - 5*b + 88. Let c be m(7). Let d = c - k. Calculate the greatest common factor of 42 and d.
42
Let r be ((-131)/(-2))/(2/4). Let v = r + -98. What is the greatest common factor of 66 and v?
33
Suppose 4*l - 44 = 8. Let r = l - 3. Suppose -o + 17 = 3*g - 59, -102 = -4*g - 2*o. What is the highest common factor of g and r?
5
Let w(p) = 91*p - 15. Let y be w(-7). Let i be 1/(-3) - (-31)/((-93)/y). Calculate the highest common divisor of i and 62.
31
Let y be ((2 - 5) + 240/112)/((-2)/9338). Calculate the greatest common divisor of y and 1380.
138
Suppose 18485 = 64*r - 35275. Calculate the greatest common factor of 4872 and r.
168
Suppose -10*p - p + 66 = 0. Suppose -p*k + 9*k = 30. What is the highest common divisor of 170 and k?
10
Let o(s) be the third derivative of -5*s**4/24 + 19*s**3/2 + 17*s**2 - 2*s. Let q be o(11). Calculate the greatest common divisor of 4 and q.
2
Let u = 35819 + -18711. Calculate the greatest common factor of 546 and u.
182
Suppose -60*w = -62120 + 9620. Calculate the greatest common factor of w and 20.
5
Let q(d) = -8*d**2 - 14*d - 75. Let t be q(-5). Let x = t - -221. Calculate the greatest common factor of x and 400.
16
Let u(c) = 12*c**2 + 69*c - 20. Let t be u(-2). Let l(g) = 34*g - 5. Let f be l(4). Let n = t + f. What is the highest common divisor of n and 231?
21
Suppose 3*v - 21 = 51. Let z be -1*(-6)/3 + -30. Let g = -10 - z. Calculate the highest common divisor of v and g.
6
Let z be (36/(-24))/((-1)/2 + 0). Suppose 0 = -z*t + 106 + 26. Calculate the greatest common factor of 12 and t.
4
Let r = 6 - 3. Let u(d) = d**2 - 27*d - 40. Let g be u(16). Let z = g - -220. What is the greatest common divisor of r and z?
1
Let k = -251 + 254. Suppose 0 = 48*u - 43*u - o - 4, -k*o = -3. What is the highest common factor of u and 31?
1
Suppose 20*i - 127 = -47. Suppose 2*g + 66 = l + 160, 0 = 2*l + 4. What is the greatest common factor of g and i?
2
Let m(o) = o**3 + 16*o**2 + 5*o + 24. Let v be m(-18). Let s = -428 - v. Calculate the greatest common factor of 26 and s.
26
Let g = 188 + -183. Let w be (39/(-26))/(15/(-68))*g. Calculate the highest common factor of 153 and w.
17
Let o(n) = 92*n - 15040. Let x be o(166). Let k be -1 - -9*(2 - 1). Calculate the greatest common factor of x and k.
8
Let r be 78 + (-4)/(-12)*6. Let m(p) = 17*p + 224. Let z be m(-12). Calculate the greatest common factor of r and z.
20
Suppose -10*c + 706 + 974 = 0. What is the highest common divisor of 42 and c?
42
Let s be (1 + -14)*(-6 - -5). Suppose 93*d = -2*i + 90*d + 38, 2*i - 5*d = 6. What is the greatest common divisor of s and i?
13
Suppose 25*b + 2*p - 515 = 30*b, 0 = -b - p - 110. Let t = -204 - -367. Let f = b + t. Calculate the highest common divisor of 145 and f.
29
Suppose d = -3*d - 4*q + 932, 3*q + 897 = 4*d. Suppose -z + 268 = 4*a, 0 = 102*z - 100*z - 5*a - 653. What is the greatest common factor of z and d?
76
Let o(p) = 0 - 2 + 1 + 2. Let l(j) = -j. Let d(c) = l(c) - o(c). Let z be d(-18). What is the greatest common divisor of z and 136?
17
Let h(i) = -2*i**3 - 3*i**2 + i - 2. Let a be h(-3). Suppose 7*p + 91 = -14. Let n be -4 - 55/p - 463/(-3). Calculate the greatest common divisor of n and a.
22
Suppose 0 = -25*z + 27*z - 12. Suppose 0*q - 2*q = -z. Suppose -16 = -q*v + 2. What is the greatest common factor of v and 42?
6
Suppose 2791 = 213*v - 617. Let f be (-21 + 1)*(-4)/10. What is the highest common divisor of f and v?
8
Suppose -13 = 7*j + 15. Let b be 22 + -3 + 8/j. What is the highest common divisor of b and 459?
17
Suppose -97529 + 16817 = -228*j. What is the greatest common divisor of 72 and j?
6
Let t(l) = l**2 - 122*l - 611. Let p be t(127). What is the highest common factor of 75 and p?
3
Suppose -8*n + 28 + 28 = 0. Suppose -2*v + n*v - 1035 = -5*m, -10 = -2*m. Suppose 0 = -198*f + v*f - 124. What is the greatest common factor of f and 62?
31
Suppose 0 = 5*f + 4*r - 58289, 1039*r - 1035*r = -16. Calculate the greatest common factor of 69 and f.
69
Let g(s) = 552*s + 156. Let b be g(1). What is the highest common divisor of b and 60?
12
Suppose -6*g + 20 = 20. Suppose g*x + 3*x + 4*q = 146, -253 = -5*x + 3*q. What is the highest common factor of 225 and x?
25
Let a = 16 - 14. Suppose 6268 = u + a*u + 4*i, -2*u = -2*i - 4174. Let s be 1/(28/u) - (-3)/7. Calculate the greatest common divisor of 25 and s.
25
Let d(l) = -l**2 + 33*l - 17. Let p be d(13). Calculate the highest common divisor of 54 and p.
27
Let i be 3*-2*4/(-12). Suppose 6*t = i*t + 240. Let v(s) = s**3 + 51*s**2 + 45*s - 160. Let p be v(-50). What is the highest common divisor of t and p?
30
Let w be 0 - (1080/(-2) + 1). Let m(p) = 4*p**3 - 51*p**2 - p - 107. Let l be m(13). What is the highest common factor of l and w?
49
Let b(d) = 2*d + 1. Let c be b(1). Let m(r) = r**3 - 2*r**2 - r + 3. Let u be m(c). Calculate the greatest common divisor of 72 and u.
9
Let y be 1*(-2 + -82)/(-4). Let m = 5 - -184. What is the highest common divisor of y and m?
21
Suppose -2*g - 3*f + 39 = 0, -4*f + 56 = 5*g - 38. Let z be 7/(28/(-760))*g/(-12). What is the highest common divisor of 15 and z?
15
Let n = -15869 + 18711. Calculate the highest common factor of n and 784.
98
Let g(u) be the third derivative of -u**4/6 + 17*u**3/6 + 51*u**2. Let l be g(-4). Calculate the greatest common factor of l and 33.
33
Suppose 5*w + 4*g = 80, 4*w - 64 = 3*g - 0*g. Suppose -5*u + 6*u = -0*u. Suppose 24 = 3*a - u*a. Calculate the greatest common divisor of w and a.
8
Let x = 15 - -35. Let k be 918/(-81) - (0 + 2/(-6)). Let g = 21 + k. Calculate the highest common factor of x and g.
10
Let c be (-35)/14*-6 + -3. Let o = 217 + -149. Let f = 16 + o. What is the greatest common factor of f and c?
12
Let k be 55*51 - (493 - 518). Calculate the greatest common factor of 1 and k.
1
Let j be (1470/(-40) - -27)/((-3)/56). Calculate the greatest common divisor of 133 and j.
7
Let q = 4036 + -3976. What is the highest common divisor of 615 and q?
15
Suppose -z + 7 = 6*y - 10*y, 5*z = 4*y - 13. Let k be (43 - 1)*(7/(-2) - z). Let j be -43*(-1)/1 - 1. What is the greatest common factor of k and j?
21
Let n(i) = -i**2 - 14*i - 14. Let j be n(-13). Let a be ((-306)/21)/(1/(7/j)). What is the highest common factor of a and 68?
34
Let t = 570 - -1321. Calculate the highest common factor of 93 and t.
31
Let x be 30/80*-20*-10. Calculate the greatest common divisor of 400 and x.
25
Let y = 15643 + -15538. Calculate the highest common divisor of y and 645.
15
Suppose 145*h + 82*h = -58*h + 176985. Calculate the highest common factor of 667 and h.
23
Suppose -d - 3*a - 2*a + 25 = 0, 3*a - 29 = -2*d. Let g be 88/d - (-40)/(-50). Calculate the highest common divisor of 56 and g.
8
Let g be (-66)/55*175/(-21). Suppose 95 = 4*s - 25. Calculate the highest common divisor of g and s.
10
Let n(q) = -37*q**3 + 8*q**2 - 181*q - 1005. Let d be n(-5). What is the greatest common factor of 175 and d?
175
Let q = -944 + 1358. Let g(r) = -41*r - 203. Let b be g(-5). Suppose b*y + 0*p + 5*p = 117, -31 = -y + 3*p. What is the greatest common factor of q and y?
46
Let n = 809 + -522. Suppose 337 = 24*u - n. Calculate the highest common factor of 442 and u.
26
Let q = 185 - 627. Let f = q + 594. Calculate the highest common divisor of 16 and f.
8
Let s = -1170 - -2262. What is the highest common factor of 14 and s?
14
Let l(k) = -k**2 - 10*k - 14. Let z be l(-8). Suppose 24 = z*r - 14. Suppose -15*h + r*h - 80 = 0. Calculate the greatest common divisor of h and 4.
4
Let n = 91 - 10. Let d = 126 + -123. Suppose 0*q + d*q = 162. Calculate the greatest common divisor of q and n.
27
Let v(f) = -230*f**2 + 2*f - 1. Let i be v(-1). Let c = i + 350. Let s(t) = t**2 - t + 6. Let h be s(4). What is the hig